 Let b be (3/(-2))/(12/r). What is the units digit of 6 - (-4 - b - 2)?
9
Suppose 14199 = 11*c + 5014. What is the units digit of c?
5
Suppose 15*a = 294 - 24. What is the units digit of a?
8
Let n = -84 - -140. What is the tens digit of 0/6 + -2 + (n - -1)?
5
Let u be 6 + 1 + (-4)/(-8)*-6. Suppose 4*x + 440 = 4*h, -2*x = -u*h + x + 436. What is the hundreds digit of h?
1
Suppose 2*x - 16 = -2*x. Suppose 0 = -x*l - 0*l - 4*v - 260, 71 = -l + 5*v. Let o = 147 + l. What is the tens digit of o?
8
Let o = 26 - 16. Suppose 0 = 5*v - o*v - 25. Let b = v + 22. What is the tens digit of b?
1
Let s(k) be the third derivative of k**6/120 - k**5/10 - k**4/2 + 8*k**3/3 - 22*k**2. What is the hundreds digit of s(9)?
1
Let f = 11 - 2. Suppose -f*l + 419 = -472. What is the units digit of l?
9
Suppose -z = -4*z + 2226. What is the hundreds digit of z?
7
Let v(r) = -1295*r - 305. What is the hundreds digit of v(-4)?
8
Let y(x) = 78*x + 1. Suppose -i + 0 = b - 6, 19 = 4*i + 3*b. Let z be y(i). Suppose z = 5*a + 3*d, 4*a = -4*d + 52 + 8. What is the units digit of a?
7
Suppose -2 = -4*k + 5*f, k + 17 = 4*k + 4*f. Suppose 0 = 4*m + 5*r + 348, -m - 87 = -2*r - k*r. Let h = -31 - m. What is the units digit of h?
6
Suppose 3*r - 5*w = -2*w - 9, -23 = 5*r - w. Let l(i) = -i - 2. Let p be l(-3). Let a = p - r. What is the units digit of a?
6
What is the units digit of (2/6)/((-9484)/(-4740) + -2)?
5
Let r = 258 - -124. What is the units digit of r?
2
Suppose 3611 = 15*r - 7459. Suppose -5*q + 2*d + r = 0, 5*q + 2*d = 420 + 302. What is the tens digit of q?
4
Let t(s) be the second derivative of -s**4/3 + s**3/2 - 2*s**2 - s. Let f(y) = 5*y**2 - 2*y + 5. Let o(p) = 5*f(p) + 6*t(p). What is the units digit of o(-8)?
1
Let b(g) = g**3 - 59*g**2 - 6*g - 41. What is the units digit of b(60)?
9
What is the thousands digit of -1 + 1814 - (54 + -51)?
1
Let m be 1/5 - 12/60. Suppose -3*b = j - 535, m*j + 3*j = -15. What is the units digit of b?
0
Let a be (1/(-1) - -3) + -38. What is the tens digit of 1*(0 - 2 - a)?
3
Let n = -4169 + 9981. What is the thousands digit of n?
5
What is the hundreds digit of 36/30 + 4752/15?
3
Suppose -4*b + 4*d + 1101 = -939, -4*b = 4*d - 2040. What is the hundreds digit of b?
5
Let h(i) = 12*i + 53. What is the hundreds digit of h(19)?
2
Suppose 22*r + 64 = 18*r. Let l = 102 - 66. Let u = r + l. What is the tens digit of u?
2
Let m be (-212)/(-28) + 6/14. Let g(t) = 6*t + 20. Let n(p) = -4*p - 13. Let z(r) = -5*g(r) - 8*n(r). What is the tens digit of z(m)?
2
Suppose 184 - 199 = -3*t. Let q(w) = 7*w + w**3 + 3 + 0*w - 2*w - 6*w**2. What is the units digit of q(t)?
3
Let p = -242 + 438. Let n = 1 + p. What is the units digit of n?
7
Suppose 20*b + 14*b = 27642. What is the units digit of b?
3
Suppose 8*i - 5354 = 5206. What is the units digit of i?
0
Suppose 0 = -2*j + 2*v - v - 1, 5*j = 5*v + 10. Let t be j/(-1 + -2 + 2). Suppose 35 = i + 3*p, -4*p + t + 1 = 0. What is the units digit of i?
2
Suppose 0 = -4*f + 13 - 5. Let o be 2 - (-2)/(f/(-1)). What is the units digit of 2 + 0/(1 + o)?
2
Let p = 5 - -2. Let r = p - 5. Suppose -4*m + w = -53, 4*m - m = -r*w + 26. What is the units digit of m?
2
Let g be 609/15 - (-4)/10. Let d = -12 + g. Suppose -4*w + d + 59 = 0. What is the tens digit of w?
2
Suppose -9*u + 6*u = 3. Let l(n) = -160*n**3 - 2*n**2 - 2*n. What is the tens digit of l(u)?
6
Suppose 4*j = 3*v + 394, 0 = -11*j + 14*j - 2*v - 296. What is the units digit of j?
0
Suppose 5*k + 26 = 351. Let p = k - 44. Suppose 24*s - p*s = 129. What is the units digit of s?
3
Suppose c + 2*z = 11, 4*c + z - 24 = -2*z. Suppose -c*d + 7*d = 36. Suppose -r - 4*r - 5 = 0, r = y - d. What is the units digit of y?
8
What is the tens digit of (6/18)/(1/843)?
8
Suppose 11*o - 8 = 3*o. What is the tens digit of 130/4*1/(o/6)?
9
Let q(i) = 16*i + 5. Suppose -2 + 4 = c + 4*a, 2*a + 14 = 2*c. What is the hundreds digit of q(c)?
1
Let l(z) be the third derivative of z**6/20 + z**5/120 + z**4/24 - z**3/2 + 4*z**2. Let r(w) be the first derivative of l(w). What is the units digit of r(1)?
0
Let f = 1492 + -952. What is the units digit of f?
0
Let n(g) = -19*g**3 - 5*g**2 - g - 10. What is the tens digit of n(-3)?
6
Let w(x) = 27*x**2 - 4*x + 6. What is the tens digit of w(6)?
5
Suppose 2*l = -2*c + 44, 2*c - 2*l = -5*l + 43. What is the units digit of c?
3
What is the tens digit of -1 + (193 - 0) + 2?
9
Let n(j) = j**2 - 3*j - 2. Let w be n(3). Let f = -8 + 16. What is the units digit of f*(-2 - 7/w)?
2
What is the units digit of (-459)/(-54)*1/(2/228)?
9
Suppose 4*z + 72 = -2*d + 1896, -z - 4*d = -442. What is the hundreds digit of z?
4
Suppose -3*q = -c - 7, -2*q + 10 = -3*c + 5*c. Let g be (-4)/10 - (-2)/5. Let r = q - g. What is the units digit of r?
3
Let x = 163 - -22. Suppose -5*y = 2*n + 3*n - x, n - 33 = -5*y. What is the tens digit of n?
3
Suppose -9*t - 2*t + 110 = 0. Let h be 10*(-1 + -1 + 0). What is the tens digit of h/25 + 468/t?
4
Let a be (4 - 0)/((-2)/(-4)). Suppose 3*s - 2*i = 37, -2*s = -4*i - 30 - a. What is the units digit of 1*(-28)/(-12)*s?
1
Let f(c) = -c + 86. What is the tens digit of f(11)?
7
Suppose -62 = -3*u + 6*a - 2*a, 2*u - 44 = 4*a. Let r = u - -49. What is the tens digit of r?
6
Let q be (266/57 + -4 + 0)*15. Let f be (-1)/(((-6)/58)/(-3)). Let d = q - f. What is the units digit of d?
9
Let w(o) = 65*o**2 - o. Suppose z = -v + 4*z + 8, z + 8 = -5*v. What is the tens digit of w(v)?
6
Let x(b) = b**2 - 4*b - 13. Let q be x(7). Let k(t) = -t**3 + 8*t**2 + 5. Let z be k(q). What is the units digit of (66/z)/(2/5)?
3
Suppose -v = g - 119, -5*v + 199 + 384 = g. What is the hundreds digit of v?
1
Suppose 0 = 4*u + 3*n - 2190, u - 559 = 4*n + n. What is the hundreds digit of u?
5
Suppose -9 = -4*o + o. Suppose o*y + 26 = 4*b, 3*y - b = -2*b - 16. Let n(q) = 3*q**2 + 14*q + 2. What is the units digit of n(y)?
6
Suppose -14*q + 1870 = -2064. What is the tens digit of q?
8
Let k = -2 + 5. Let y(v) = -2*v**3 + 4*v**2 - 3*v - 4. Let u be y(k). Let o = 50 + u. What is the tens digit of o?
1
Suppose -5*u - 1340 = -4*l - 7*u, 4*l - 1332 = -4*u. What is the tens digit of l?
3
Let a = 53 + -51. Suppose -a*l - 75 = -5*l. What is the units digit of l?
5
What is the tens digit of 2 + 2 + (-67488)/(-37)?
2
Let k = 2 - 5. Let b be (k + 3 + 0)/(-2). Suppose b = -4*t - 4, -44 = -0*m - m - t. What is the tens digit of m?
4
Let j be (318/(-24))/(4/(-32)). Let t = j - -91. What is the hundreds digit of t?
1
Let r = 86 + 114. What is the tens digit of r?
0
Suppose 145068 - 45066 = 42*r. What is the tens digit of r?
8
Let a = 15 + -4. Suppose 0 = 5*t - 3*o + 4*o + 23, t - 5*o = a. What is the tens digit of -5 - t - 0 - -57?
5
Suppose 2*h = -3*h - 2255. Let k = -191 - h. What is the tens digit of k?
6
Suppose 0 = -3*p - 4*a + 200, -p + 3*p - 2*a - 110 = 0. Suppose 0 = -3*l + 4*b + p, 0*l + 9 = l - 5*b. What is the units digit of l?
4
Let r(p) = -2*p + 0*p + 3*p + p + 19. Let x be r(-8). Suppose 3*c = -x*g - g + 97, -5*g + 129 = -4*c. What is the units digit of g?
5
Let b = 88 - 48. Let d = -30 + b. What is the tens digit of d?
1
Let n = -25 - -10. Let s be (-3)/(-9) + (-475)/n. What is the units digit of (0 - 4/(-8))*s?
6
Let p be (-16)/(-6)*204/16. Let r be -1 + 1 + p + -1. Suppose -r = -2*t + 11. What is the tens digit of t?
2
Let i(m) = -2*m**3 - 28*m**2 + 63*m - 12. What is the hundreds digit of i(-19)?
4
Let d = 55 + -52. Suppose 4*q = -2*j + 2*q + 206, 3*q + 303 = d*j. What is the units digit of j?
2
What is the hundreds digit of 7*2/7 - -276?
2
Let b(n) = -53*n - 17. Let t be b(-6). Suppose 0 = 5*y - 169 - t. What is the units digit of y?
4
Let t(y) = 26*y**2 - 7*y + 18. What is the tens digit of t(-5)?
0
Let m be 7/7*-10 + -83. Let v = -3 + -35. Let x = v - m. What is the tens digit of x?
5
Suppose -2*x - 5*p + 6679 = 0, -5*p - 10996 - 2437 = -4*x. What is the hundreds digit of x?
3
Let v = 118 - 114. Suppose 2436 = 8*r + v*r. What is the hundreds digit of r?
2
Suppose -10*w + 3*w = -315. Let n = 50 + w. What is the tens digit of n?
9
Suppose -3*m = 2*m - 20. Suppose -9*j = -m*j - 105. What is the units digit of (7/j)/((-2)/(-36))?
6
Let g(f) be the first derivative of -f**4/4 - 5*f**2/2 - f + 14. What is the tens digit of g(-4)?
8
Let c = 13 + -7